{"id":50,"date":"2020-06-11T11:45:26","date_gmt":"2020-06-11T11:45:26","guid":{"rendered":"https:\/\/concept-reisen.com\/?page_id=50"},"modified":"2022-05-20T17:03:40","modified_gmt":"2022-05-20T17:03:40","slug":"so-erreichen-sie-uns","status":"publish","type":"page","link":"https:\/\/concept-reisen.com\/?page_id=50","title":{"rendered":"So erreichen Sie uns"},"content":{"rendered":"<p><iframe frameborder=\"0\" scrolling=\"no\" marginheight=\"0\" marginwidth=\"0\"\n\t\t\t\t\tsrc=\"https:\/\/maps.google.com\/maps?q=Concept%20Reisen%2C%20Geisbergstra%C3%9Fe%2C%20Berlin&#038;t=m&#038;z=14&#038;output=embed&#038;iwloc=near\"\n\t\t\t\t\ttitle=\"Concept Reisen, Geisbergstra\u00dfe, Berlin\"\n\t\t\t\t\taria-label=\"Concept Reisen, Geisbergstra\u00dfe, Berlin\"\n\t\t\t><\/iframe><\/p>\n<h6>Wir freuen uns auf Ihren Besuch<\/h6>\n<p>Mo-Fr: 10:00-16:00Uhr<\/p>\n<\/p>\n<p><a style=\"color: rgb(191, 191, 191);\" href=\"https:\/\/concept-reisen.com\/rueckruf-service\/\" target=\"_blank\" rel=\"noopener\" ne=\"0.9461444975720237\">Sie k\u00f6nnen uns auch gerne einen R\u00fcckrufwunsch oder eine Nachricht hinterlassen.<\/a><\/p>\n<h6>Unsere Kontaktdaten<\/h6>\n<ul>\n<li>\n\t\t\t\t\t\t\t\t\t\tGeisbergstra\u00dfe 14, 10777 Berlin Deutschland\n\t\t\t\t\t\t\t\t\t<\/li>\n<li>\n\t\t\t\t\t\t\t\t\t\t\t<a href=\"tel:%20+49302184053p030\"><br \/>\n\t\t\t\t\t\t\t\t\t\t+49 30 218 40 53<br \/>\n\t\t\t\t\t\t\t\t\t\t\t<\/a>\n\t\t\t\t\t\t\t\t\t<\/li>\n<li>\n\t\t\t\t\t\t\t\t\t\t+49 30 211 91 30\n\t\t\t\t\t\t\t\t\t<\/li>\n<li>\n\t\t\t\t\t\t\t\t\t\tinfo@concept-reisen.de\n\t\t\t\t\t\t\t\t\t<\/li>\n<li>\n\t\t\t\t\t\t\t\t\t\t\t<a href=\"https:\/\/concept-reisen.com\/rueckruf-service\/\" target=\"_blank\" rel=\"noopener\"><br \/>\n\t\t\t\t\t\t\t\t\t\t<u>Wir rufen Sie auch gern zur\u00fcck<\/u><br \/>\n\t\t\t\t\t\t\t\t\t\t\t<\/a>\n\t\t\t\t\t\t\t\t\t<\/li>\n<\/ul>\n<p>\t\t\t\t\t\t\t\t\t\t\t\t<img decoding=\"async\" width=\"2560\" height=\"1480\" src=\"https:\/\/concept-reisen.com\/wp-content\/uploads\/2020\/11\/Buero-scaled.jpeg\" alt=\"\" loading=\"lazy\" srcset=\"https:\/\/concept-reisen.com\/wp-content\/uploads\/2020\/11\/Buero-scaled.jpeg 2560w, https:\/\/concept-reisen.com\/wp-content\/uploads\/2020\/11\/Buero-300x173.jpeg 300w, https:\/\/concept-reisen.com\/wp-content\/uploads\/2020\/11\/Buero-1024x592.jpeg 1024w, https:\/\/concept-reisen.com\/wp-content\/uploads\/2020\/11\/Buero-768x444.jpeg 768w, https:\/\/concept-reisen.com\/wp-content\/uploads\/2020\/11\/Buero-1536x888.jpeg 1536w, https:\/\/concept-reisen.com\/wp-content\/uploads\/2020\/11\/Buero-2048x1184.jpeg 2048w\" sizes=\"auto, (max-width: 2560px) 100vw, 2560px\" \/><\/p>\n","protected":false},"excerpt":{"rendered":"<p>Wir freuen uns auf Ihren Besuch Mo-Fr: 10:00-16:00Uhr Sie k\u00f6nnen uns auch gerne einen R\u00fcckrufwunsch oder eine Nachricht hinterlassen. Unsere Kontaktdaten Geisbergstra\u00dfe 14, 10777 Berlin Deutschland +49 30 218 40 53 +49 30 211 91 30 info@concept-reisen.de Wir rufen Sie auch gern zur\u00fcck<\/p>\n","protected":false},"author":1,"featured_media":0,"parent":7,"menu_order":0,"comment_status":"closed","ping_status":"closed","template":"","meta":{"footnotes":""},"class_list":["post-50","page","type-page","status-publish","hentry"],"_links":{"self":[{"href":"https:\/\/concept-reisen.com\/index.php?rest_route=\/wp\/v2\/pages\/50","targetHints":{"allow":["GET"]}}],"collection":[{"href":"https:\/\/concept-reisen.com\/index.php?rest_route=\/wp\/v2\/pages"}],"about":[{"href":"https:\/\/concept-reisen.com\/index.php?rest_route=\/wp\/v2\/types\/page"}],"author":[{"embeddable":true,"href":"https:\/\/concept-reisen.com\/index.php?rest_route=\/wp\/v2\/users\/1"}],"replies":[{"embeddable":true,"href":"https:\/\/concept-reisen.com\/index.php?rest_route=%2Fwp%2Fv2%2Fcomments&post=50"}],"version-history":[{"count":152,"href":"https:\/\/concept-reisen.com\/index.php?rest_route=\/wp\/v2\/pages\/50\/revisions"}],"predecessor-version":[{"id":3665,"href":"https:\/\/concept-reisen.com\/index.php?rest_route=\/wp\/v2\/pages\/50\/revisions\/3665"}],"up":[{"embeddable":true,"href":"https:\/\/concept-reisen.com\/index.php?rest_route=\/wp\/v2\/pages\/7"}],"wp:attachment":[{"href":"https:\/\/concept-reisen.com\/index.php?rest_route=%2Fwp%2Fv2%2Fmedia&parent=50"}],"curies":[{"name":"wp","href":"https:\/\/api.w.org\/{rel}","templated":true}]}}